= 14*c - 6. Let v be u(s). Calculate the remainder when 81 is divided by (-126)/8*64/v.
18
Let p = 27 + -24. Suppose -213 = -p*h + 3*a, 13*a - 18*a = -4*h + 282. What is the remainder when h is divided by 13?
8
Let t = 22555 - 22507. Calculate the remainder when 7915 is divided by t.
43
Suppose 0 = -3*u - 4*n + 10, -2*n = -32*u + 33*u. Calculate the remainder when 10388 is divided by u.
8
Let t = -115 - -596. Suppose 414 + 182 = 5*s + 4*b, 4*s - b - t = 0. Calculate the remainder when s is divided by 21.
15
Let k be (3 + -12)/(-3)*7/(-3). Let r(y) = -37*y + 26. What is the remainder when r(k) is divided by 36?
33
Let l(w) = -w**3 - 9*w**2 - 3*w - 1. Let u(f) = 7*f. Let j(d) = -d**2 - 3*d + 2. Let c be j(-3). Calculate the remainder when l(-9) is divided by u(c).
12
Let r be -1 + ((-8)/10)/((-22)/(-55)). Calculate the remainder when 21 is divided by ((-2)/(-4))/((-37)/(-12) + r).
3
Suppose 3*o = 5*s - 19, 0 = 4*s + 5*o + 186 - 179. Let p = -14 - -23. Calculate the remainder when p is divided by s.
1
Suppose 0 = 4*d + l + 1, 2*d - 3*l = 2*l - 17. What is the remainder when ((-204)/18)/d*9 is divided by 15?
12
Let g(b) = 2*b**2 + 56*b - 2. Let l be g(-28). Let a be 85 + (0 + l)/2. Let p = 88 - a. What is the remainder when p is divided by 2?
0
Let t(p) be the second derivative of -5*p**5/4 + p**4/3 + p**3/3 - p**2 - 55*p. What is the remainder when t(-2) is divided by 54?
48
Let c(k) = -2*k + 2. Let f be c(-4). Let q(o) = o**2 - 10*o + 1. Let p be q(f). Suppose 2*s - p = 11. Calculate the remainder when s is divided by 4.
2
Let y = 20 + 13. Suppose 29*z + 28 = y*z. Suppose 0 = -5*a + 2*b + 1 + 7, -b = -1. Calculate the remainder when z is divided by a.
1
What is the remainder when ((-2)/(16 - 2))/1 + 32256/98 is divided by 7?
0
Suppose -99*w + 385 = -22*w. What is the remainder when 122 is divided by w?
2
Let m(a) = -6*a. Let k(o) = 6*o. Let y(u) = 3*k(u) + 4*m(u). What is the remainder when (3*31)/(48/48) is divided by y(-4)?
21
Let b(x) = x - 1. Let k(q) = 4*q**2 - 21*q - 7. Let m be k(5). What is the remainder when (-16 + 2)*3*4/m is divided by b(5)?
2
Let i = -2362 + 2449. What is the remainder when i is divided by (-196)/(-9) + (-8)/(-36)?
21
What is the remainder when 5882/28 + 182/(-2548) is divided by 64?
18
Let q = 1929 + -1672. What is the remainder when q is divided by 248?
9
Let m be -315 - ((-14)/21)/((-2)/(-12)). Let t = m + 318. Calculate the remainder when 9 is divided by t.
2
Let z(c) = 3*c**2 - c. Let v be z(1). Suppose t - 57 = -v*t. Calculate the remainder when (-240)/400 + 468/5 is divided by t.
17
Let i(a) = 2*a**3 - 13*a**2 + 2*a - 45. Let o be i(7). Let z(l) = -l**3 + 16*l**2 + 43*l - 90. Calculate the remainder when (-9)/2*(-118)/3 is divided by z(o).
33
Suppose 0 = -i + 8*i - 301. Suppose 0 = -y + s - 1 + 3, 4*s + 14 = y. Let b = y + i. Calculate the remainder when b is divided by 14.
13
Let s(w) = 0*w + 7*w + 4 - 6. Let a be s(2). What is the remainder when 1306/a - (-14)/84 is divided by 11?
10
Suppose -17*u - 159 + 22 = 5*d, 5*d = u + 61. Suppose 3 = 3*g - 9. Calculate the remainder when d is divided by g.
2
Let z(t) = -t**2 + 3*t - 5. Suppose 41 = 5*v + 2*j, 4*j = v + 4 + 1. Let k be z(v). Calculate the remainder when 11/(-1 - 36/k) is divided by 31.
28
Calculate the remainder when 283 is divided by -14 - ((-10)/5 + -163).
132
Let t be (-16)/(-12)*(-33)/(-2). Suppose -3 = -3*f, -5*f - t = -4*o - 3*f. Let m = -11 + 16. What is the remainder when o is divided by m?
1
Let h = 63 - 56. Suppose h*p - 683 + 6325 = 0. What is the remainder when p/(-12) + 3/(-18) is divided by 18?
13
Suppose -8 = -o + n, -14 - 18 = -3*o - 5*n. Suppose -o*j = -855 - 108. Calculate the remainder when j is divided by 14.
9
Suppose -p = -2*a - 4*p, 2*p = -2*a + 4. Let f be (a/(-5))/1*1*-210. Suppose 0 = 8*t - f + 36. Calculate the remainder when t is divided by 15.
12
Let s = 8188 + -7676. Calculate the remainder when 535 is divided by s.
23
Let v = -1101 - -1315. What is the remainder when v is divided by 24?
22
What is the remainder when 270 is divided by (-5312)/(-160) - -1*(-6)/5?
14
Calculate the remainder when 195 is divided by (23 - 8) + 11 + -14.
3
Suppose 88 = -3*s + 310. Suppose -285*j + 12540 = 46*j - j. Calculate the remainder when s is divided by j.
36
Calculate the remainder when 1284 is divided by (9/4)/((-305)/(-700) + (-58)/203).
9
Let v(d) = -10*d - 38. Let a(s) = 41*s + 153. Let y(u) = 2*a(u) + 9*v(u). Let c be y(-7). Calculate the remainder when c/5 + 52 - 1 is divided by 14.
13
Let z(w) = 15*w**2 + 9*w - 29. Calculate the remainder when z(13) is divided by 75.
73
Suppose -29*s + 48*s - 5377 = 0. Let x = s - 96. Suppose -10 = -y + 6*y, -4*y = -f + 55. Calculate the remainder when x is divided by f.
46
Let m(a) = -17*a - 3. What is the remainder when ((-604)/8 + 1)/((-179)/358) is divided by m(-2)?
25
Suppose -3*r = 0, -l = -5*r - 17 + 15. Let m(f) = 16*f - 6. What is the remainder when 205 is divided by m(l)?
23
Let i(u) = 2*u**3 + u**2 - 24*u - 13. What is the remainder when 198 is divided by i(4)?
23
Let y(v) = 2*v**2 + 18*v + 60. Let f be y(-4). Suppose -f*j + 3056 = 476. What is the remainder when j is divided by 35?
24
Let n = 61 + -45. Let d = 9 + n. What is the remainder when 423 is divided by d?
23
Suppose -3*q = 90*a - 85*a - 25, -4*q + 5*a = -45. Calculate the remainder when 1688 is divided by q.
8
Let y(o) = 4*o - 27. Let n be y(7). Let k be -8 + (5 + -2 - n). What is the remainder when 34 is divided by (k - -3)*(-4 + 1)?
7
Suppose -1044 = -126*j + 124*j. Let h = -505 + j. What is the remainder when 337 is divided by h?
14
Suppose 0 = 5*d + 26*m - 21*m - 50, 2*m - 2 = 0. Calculate the remainder when (-3)/4 - (-6509)/92 is divided by d.
7
What is the remainder when 322894/11 + (24 - 41) is divided by 36?
33
Let l(c) = -c**3 - 87*c**2 + 449*c - 835. Let j = -39 - -69. What is the remainder when l(-92) is divided by j?
27
Let r(m) = 2*m**3 + 19*m**2 - 13*m - 5. Let i be -5 - (1 + 4/1). Let t(n) = -2*n + 3. What is the remainder when r(i) is divided by t(-5)?
12
Let k(z) = -8 - 49*z**2 + 27*z - 49*z**2 + 99*z**2 - 9*z. Suppose 5*y = -0*y - 95. Calculate the remainder when k(y) is divided by 5.
1
What is the remainder when 2594 is divided by ((-22)/(-33))/((-5)/(450/(-4)))?
14
Let n(r) = 3*r - 38 - 14 + 16930*r**3 + 11*r**2 - 16929*r**3. What is the remainder when 935 is divided by n(-10)?
17
Let s(n) = -2*n**2 + 4*n + 32. Let u be s(-8). Let v = u - -205. What is the remainder when 768 is divided by v?
75
Let b(x) = x**2 - 18*x - 78. What is the remainder when 523 is divided by b(-12)?
241
Let c = 28 - 26. Let i(s) = -8*s + 1. Let w be i(c). Calculate the remainder when 39 is divided by (2*(-100)/w)/((-4)/(-6)).
19
Let a(t) = -t**3 - 22*t**2 - t + 3. Let z = -40 - -18. Calculate the remainder when 273 is divided by a(z).
23
Let u(y) = -y**3 + 7*y**2 - 5*y + 2. Let j = -15 - -18. What is the remainder when 80 is divided by u(j)?
11
Let u = -3195 + 3191. Let h(j) = -31*j**3 + 2*j**2 + 2*j + 1. Let b be h(-1). What is the remainder when (-434)/u - (-16)/b is divided by 14?
11
Suppose 0 = 4*k - 2*t + 2, -2*k - 6 = t - 3. Let p(m) = -m + 6. Calculate the remainder when k/((-275)/(-280) - 1) is divided by p(-14).
16
Suppose -c + 112 = 27*c. Suppose 143 + 46 = 21*k. What is the remainder when k is divided by c?
1
Let b = 38 - 28. Let o be 4*5/10 - -4. Suppose o = d - 0*d. What is the remainder when b is divided by d?
4
Suppose 2*z - 9 = -3*o + 2*o, 2*z = 5*o - 21. Let n = -169 - -170. Calculate the remainder when (740/50)/(6/(-10) + n) is divided by o.
2
Calculate the remainder when ((-693)/(-22))/(72/96) is divided by 23.
19
Calculate the remainder when 8091 is divided by ((-456)/108)/(2/(-54)).
111
Suppose -33 = -3*r + 78. Suppose 2*p - p = r. Let k(g) = 11*g**3 + g**2 - 4*g + 5. What is the remainder when p is divided by k(1)?
11
Let r be ((-57)/6)/(5/10). Let v = -10 + 9. Let o = v - r. What is the remainder when o is divided by 13?
5
Let g(k) be the first derivative of -k**4/4 - k**3 - k**2/2 - 2*k - 60. Suppose -d = -0*d + 5. Calculate the remainder when g(d) is divided by 18.
17
Let w(p) = -p**3 + 21*p**2 + 189*p + 417. Calculate the remainder when w(28) is divided by (6/4)/(3/112).
53
Calculate the remainder when